{"id":47,"date":"2015-02-13T22:22:40","date_gmt":"2015-02-13T22:22:40","guid":{"rendered":"https:\/\/sansebastiancarabanchel.archimadrid.es\/?page_id=47"},"modified":"2015-04-29T11:37:55","modified_gmt":"2015-04-29T10:37:55","slug":"archidiocesis","status":"publish","type":"page","link":"https:\/\/sansebastiancarabanchel.archimadrid.es\/?page_id=47","title":{"rendered":"Archidi\u00f3cesis"},"content":{"rendered":"<p style=\"text-align: left;\"><img loading=\"lazy\" decoding=\"async\" class=\" aligncenter\" src=\"http:\/\/i0.wp.com\/nsapostoles.archimadrid.es\/wp-content\/uploads\/2013\/10\/esucdo-di%C3%B3cesis.jpg?resize=150%2C150\" alt=\"\" width=\"150\" height=\"150\" \/><\/p>\n<h1 style=\"text-align: center;\"><strong><span style=\"color: #000000;\">ARCHIDI\u00d3CESIS DE MADRID<br \/>\nC\/ Bail\u00e9n 8, 28013 Madrid<\/span><\/strong><br \/>\n<strong><span style=\"color: #000000;\"> <a style=\"color: #000000;\" href=\"http:\/\/www.archimadrid.org\/\" target=\"_blank\">www.archimadrid.org<\/a><\/span><\/strong><br \/>\n<strong><span style=\"color: #000000;\"> Tel\u00e9fono 91-454-64-00<\/span><\/strong><\/h1>\n<h1 style=\"text-align: center;\"><strong><span style=\"color: #000000;\"><img loading=\"lazy\" decoding=\"async\" class=\" aligncenter\" src=\"http:\/\/i0.wp.com\/nsapostoles.archimadrid.es\/wp-content\/uploads\/2013\/10\/madrid-almudena.jpg?resize=150%2C150\" alt=\"\" width=\"150\" height=\"150\" \/><\/span><\/strong><\/h1>\n<h1 style=\"text-align: center;\"><strong><span style=\"color: #000000;\">SANTA MAR\u00cdA LA REAL DE LA ALMUDENA<\/span><\/strong><\/h1>\n<h1 style=\"text-align: center;\"><strong><span style=\"color: #000000;\">C\/ Bail\u00e9n 10, 28013 Madrid<\/span><\/strong><br \/>\n<strong><span style=\"color: #000000;\"> <a style=\"color: #000000;\" href=\"http:\/\/www.catedraldelaalmudena.es\/\" target=\"_blank\">www.catedraldelaalmudena.es<\/a><\/span><\/strong><br \/>\n<strong><span style=\"color: #000000;\"> Tel\u00e9fono 91-542-22-00<\/span><\/strong><\/h1>\n","protected":false},"excerpt":{"rendered":"<p>ARCHIDI\u00d3CESIS DE MADRID C\/ Bail\u00e9n 8, 28013 Madrid www.archimadrid.org Tel\u00e9fono 91-454-64-00 SANTA MAR\u00cdA LA REAL DE LA ALMUDENA C\/ Bail\u00e9n 10, 28013 Madrid www.catedraldelaalmudena.es Tel\u00e9fono 91-542-22-00<\/p>\n","protected":false},"author":4,"featured_media":0,"parent":39,"menu_order":5,"comment_status":"closed","ping_status":"closed","template":"","meta":{"footnotes":""},"_links":{"self":[{"href":"https:\/\/sansebastiancarabanchel.archimadrid.es\/index.php?rest_route=\/wp\/v2\/pages\/47"}],"collection":[{"href":"https:\/\/sansebastiancarabanchel.archimadrid.es\/index.php?rest_route=\/wp\/v2\/pages"}],"about":[{"href":"https:\/\/sansebastiancarabanchel.archimadrid.es\/index.php?rest_route=\/wp\/v2\/types\/page"}],"author":[{"embeddable":true,"href":"https:\/\/sansebastiancarabanchel.archimadrid.es\/index.php?rest_route=\/wp\/v2\/users\/4"}],"replies":[{"embeddable":true,"href":"https:\/\/sansebastiancarabanchel.archimadrid.es\/index.php?rest_route=%2Fwp%2Fv2%2Fcomments&post=47"}],"version-history":[{"count":5,"href":"https:\/\/sansebastiancarabanchel.archimadrid.es\/index.php?rest_route=\/wp\/v2\/pages\/47\/revisions"}],"predecessor-version":[{"id":900,"href":"https:\/\/sansebastiancarabanchel.archimadrid.es\/index.php?rest_route=\/wp\/v2\/pages\/47\/revisions\/900"}],"up":[{"embeddable":true,"href":"https:\/\/sansebastiancarabanchel.archimadrid.es\/index.php?rest_route=\/wp\/v2\/pages\/39"}],"wp:attachment":[{"href":"https:\/\/sansebastiancarabanchel.archimadrid.es\/index.php?rest_route=%2Fwp%2Fv2%2Fmedia&parent=47"}],"curies":[{"name":"wp","href":"https:\/\/api.w.org\/{rel}","templated":true}]}}