{"id":66,"date":"2015-02-13T23:09:13","date_gmt":"2015-02-13T23:09:13","guid":{"rendered":"https:\/\/sansebastiancarabanchel.archimadrid.es\/?page_id=66"},"modified":"2015-03-03T22:15:23","modified_gmt":"2015-03-03T21:15:23","slug":"eucaristia","status":"publish","type":"page","link":"https:\/\/sansebastiancarabanchel.archimadrid.es\/?page_id=66","title":{"rendered":"Eucarist\u00eda"},"content":{"rendered":"<h1><span style=\"color: #000000;\">La <strong>Eucarist\u00eda <\/strong>es el \u00faltimo de los <em>Sacramentos de Iniciaci\u00f3n Cristiana;\u00a0<\/em>es la consagraci\u00f3n del\u00a0<strong>pan en el Cuerpo de Cristo<\/strong> y del <strong>vino en su Sangre<\/strong> que renueva m\u00edstica y sacramentalmente el sacrificio de Jesucristo en la Cruz. <strong>La Eucarist\u00eda es Jes\u00fas real y personalmente presente<\/strong> en el pan y el vino que el sacerdote consagra.\u00a0<\/span><\/h1>\n<h1><img loading=\"lazy\" decoding=\"async\" class=\" alignleft\" src=\"http:\/\/i0.wp.com\/nsapostoles.archimadrid.es\/wp-content\/uploads\/2014\/09\/eucaristia.jpg\" alt=\"\" width=\"268\" height=\"192\" \/><img loading=\"lazy\" decoding=\"async\" class=\" alignright\" src=\"https:\/\/encrypted-tbn2.gstatic.com\/images?q=tbn:ANd9GcRt2blAL6K8FN6jYOpDxsbkDIKXT-AaKC6dJPSZFUUpRQgSFqqeQg\" alt=\"\" width=\"259\" height=\"194\" \/><\/h1>\n<p>&nbsp;<\/p>\n<p>&nbsp;<\/p>\n<p>&nbsp;<\/p>\n<p>&nbsp;<\/p>\n<p>&nbsp;<\/p>\n<p>&nbsp;<\/p>\n<p>&nbsp;<\/p>\n<p>&nbsp;<\/p>\n<p><a href=\"https:\/\/sansebastiancarabanchel.archimadrid.es\/wp-content\/uploads\/2015\/02\/000111.jpg\"><img loading=\"lazy\" decoding=\"async\" class=\" wp-image-615 size-large aligncenter\" src=\"https:\/\/sansebastiancarabanchel.archimadrid.es\/wp-content\/uploads\/2015\/02\/000111-1024x742.jpg\" alt=\"0001\" width=\"1024\" height=\"742\" srcset=\"https:\/\/sansebastiancarabanchel.archimadrid.es\/wp-content\/uploads\/2015\/02\/000111-1024x742.jpg 1024w, https:\/\/sansebastiancarabanchel.archimadrid.es\/wp-content\/uploads\/2015\/02\/000111-300x217.jpg 300w, https:\/\/sansebastiancarabanchel.archimadrid.es\/wp-content\/uploads\/2015\/02\/000111-994x720.jpg 994w, https:\/\/sansebastiancarabanchel.archimadrid.es\/wp-content\/uploads\/2015\/02\/000111.jpg 1119w\" sizes=\"(max-width: 1024px) 100vw, 1024px\" \/><\/a> <a href=\"https:\/\/sansebastiancarabanchel.archimadrid.es\/wp-content\/uploads\/2015\/02\/00024.jpg\"><img loading=\"lazy\" decoding=\"async\" class=\" wp-image-616 size-large aligncenter\" src=\"https:\/\/sansebastiancarabanchel.archimadrid.es\/wp-content\/uploads\/2015\/02\/00024-1024x742.jpg\" alt=\"0002\" width=\"1024\" height=\"742\" srcset=\"https:\/\/sansebastiancarabanchel.archimadrid.es\/wp-content\/uploads\/2015\/02\/00024-1024x742.jpg 1024w, https:\/\/sansebastiancarabanchel.archimadrid.es\/wp-content\/uploads\/2015\/02\/00024-300x217.jpg 300w, https:\/\/sansebastiancarabanchel.archimadrid.es\/wp-content\/uploads\/2015\/02\/00024-994x720.jpg 994w, https:\/\/sansebastiancarabanchel.archimadrid.es\/wp-content\/uploads\/2015\/02\/00024.jpg 1119w\" sizes=\"(max-width: 1024px) 100vw, 1024px\" \/><\/a><\/p>\n<p>&nbsp;<\/p>\n<p>&nbsp;<\/p>\n<p>&nbsp;<\/p>\n","protected":false},"excerpt":{"rendered":"<p>La Eucarist\u00eda es el \u00faltimo de los Sacramentos de Iniciaci\u00f3n Cristiana;\u00a0es la consagraci\u00f3n del\u00a0pan en el Cuerpo de Cristo y del vino en su Sangre que renueva m\u00edstica y sacramentalmente el sacrificio de Jesucristo en la Cruz. La Eucarist\u00eda es Jes\u00fas real y personalmente presente en el pan y el vino que el sacerdote consagra.\u00a0 &hellip; <\/p>\n<p><a class=\"more-link btn\" href=\"https:\/\/sansebastiancarabanchel.archimadrid.es\/?page_id=66\">Seguir leyendo<\/a><\/p>\n","protected":false},"author":4,"featured_media":0,"parent":26,"menu_order":3,"comment_status":"closed","ping_status":"closed","template":"","meta":{"footnotes":""},"_links":{"self":[{"href":"https:\/\/sansebastiancarabanchel.archimadrid.es\/index.php?rest_route=\/wp\/v2\/pages\/66"}],"collection":[{"href":"https:\/\/sansebastiancarabanchel.archimadrid.es\/index.php?rest_route=\/wp\/v2\/pages"}],"about":[{"href":"https:\/\/sansebastiancarabanchel.archimadrid.es\/index.php?rest_route=\/wp\/v2\/types\/page"}],"author":[{"embeddable":true,"href":"https:\/\/sansebastiancarabanchel.archimadrid.es\/index.php?rest_route=\/wp\/v2\/users\/4"}],"replies":[{"embeddable":true,"href":"https:\/\/sansebastiancarabanchel.archimadrid.es\/index.php?rest_route=%2Fwp%2Fv2%2Fcomments&post=66"}],"version-history":[{"count":6,"href":"https:\/\/sansebastiancarabanchel.archimadrid.es\/index.php?rest_route=\/wp\/v2\/pages\/66\/revisions"}],"predecessor-version":[{"id":619,"href":"https:\/\/sansebastiancarabanchel.archimadrid.es\/index.php?rest_route=\/wp\/v2\/pages\/66\/revisions\/619"}],"up":[{"embeddable":true,"href":"https:\/\/sansebastiancarabanchel.archimadrid.es\/index.php?rest_route=\/wp\/v2\/pages\/26"}],"wp:attachment":[{"href":"https:\/\/sansebastiancarabanchel.archimadrid.es\/index.php?rest_route=%2Fwp%2Fv2%2Fmedia&parent=66"}],"curies":[{"name":"wp","href":"https:\/\/api.w.org\/{rel}","templated":true}]}}