{"id":68,"date":"2015-02-13T23:12:35","date_gmt":"2015-02-13T23:12:35","guid":{"rendered":"https:\/\/sansebastiancarabanchel.archimadrid.es\/?page_id=68"},"modified":"2015-02-14T17:09:24","modified_gmt":"2015-02-14T17:09:24","slug":"confesion","status":"publish","type":"page","link":"https:\/\/sansebastiancarabanchel.archimadrid.es\/?page_id=68","title":{"rendered":"Penitencia"},"content":{"rendered":"<h1><span style=\"color: #00ccff;\">El sacramento de la <strong>Penitencia<\/strong>, o\u00a0<strong>Reconciliaci\u00f3n<\/strong>, o <strong>Confesi\u00f3n<\/strong>, es el sacramento para borrar los pecados cometidos despu\u00e9s del Bautismo. Es, por consiguiente, el sacramento de nuestra <em>curaci\u00f3n espiritual<\/em>, llamado tambi\u00e9n\u00a0<em>sacramento de la conversi\u00f3n<\/em>, porque realiza sacramentalmente nuestro retorno a los brazos del Padre despu\u00e9s de que nos hemos alejado con el pecado.<\/span><\/h1>\n<p><img loading=\"lazy\" decoding=\"async\" class=\" aligncenter\" src=\"http:\/\/1.bp.blogspot.com\/-1ha-eUJNJjs\/Th99VX6DBoI\/AAAAAAAAABE\/PQ7ME1iHE1k\/s1600\/20080614040107-reconciliacion06.jpg\" alt=\"\" width=\"218\" height=\"163\" \/><\/p>\n<h1 style=\"text-align: center;\"><span style=\"color: #00ccff;\">Las confesiones se realizan media hora antes de Misa.<\/span><\/h1>\n","protected":false},"excerpt":{"rendered":"<p>El sacramento de la Penitencia, o\u00a0Reconciliaci\u00f3n, o Confesi\u00f3n, es el sacramento para borrar los pecados cometidos despu\u00e9s del Bautismo. Es, por consiguiente, el sacramento de nuestra curaci\u00f3n espiritual, llamado tambi\u00e9n\u00a0sacramento de la conversi\u00f3n, porque realiza sacramentalmente nuestro retorno a los brazos del Padre despu\u00e9s de que nos hemos alejado con el pecado. Las confesiones se &hellip; <\/p>\n<p><a class=\"more-link btn\" href=\"https:\/\/sansebastiancarabanchel.archimadrid.es\/?page_id=68\">Seguir leyendo<\/a><\/p>\n","protected":false},"author":4,"featured_media":0,"parent":26,"menu_order":4,"comment_status":"closed","ping_status":"closed","template":"","meta":{"footnotes":""},"_links":{"self":[{"href":"https:\/\/sansebastiancarabanchel.archimadrid.es\/index.php?rest_route=\/wp\/v2\/pages\/68"}],"collection":[{"href":"https:\/\/sansebastiancarabanchel.archimadrid.es\/index.php?rest_route=\/wp\/v2\/pages"}],"about":[{"href":"https:\/\/sansebastiancarabanchel.archimadrid.es\/index.php?rest_route=\/wp\/v2\/types\/page"}],"author":[{"embeddable":true,"href":"https:\/\/sansebastiancarabanchel.archimadrid.es\/index.php?rest_route=\/wp\/v2\/users\/4"}],"replies":[{"embeddable":true,"href":"https:\/\/sansebastiancarabanchel.archimadrid.es\/index.php?rest_route=%2Fwp%2Fv2%2Fcomments&post=68"}],"version-history":[{"count":4,"href":"https:\/\/sansebastiancarabanchel.archimadrid.es\/index.php?rest_route=\/wp\/v2\/pages\/68\/revisions"}],"predecessor-version":[{"id":179,"href":"https:\/\/sansebastiancarabanchel.archimadrid.es\/index.php?rest_route=\/wp\/v2\/pages\/68\/revisions\/179"}],"up":[{"embeddable":true,"href":"https:\/\/sansebastiancarabanchel.archimadrid.es\/index.php?rest_route=\/wp\/v2\/pages\/26"}],"wp:attachment":[{"href":"https:\/\/sansebastiancarabanchel.archimadrid.es\/index.php?rest_route=%2Fwp%2Fv2%2Fmedia&parent=68"}],"curies":[{"name":"wp","href":"https:\/\/api.w.org\/{rel}","templated":true}]}}