{"id":74,"date":"2015-02-13T23:26:06","date_gmt":"2015-02-13T23:26:06","guid":{"rendered":"https:\/\/sansebastiancarabanchel.archimadrid.es\/?page_id=74"},"modified":"2015-02-14T15:46:04","modified_gmt":"2015-02-14T15:46:04","slug":"orden-sacerdotal","status":"publish","type":"page","link":"https:\/\/sansebastiancarabanchel.archimadrid.es\/?page_id=74","title":{"rendered":"Orden Sacerdotal"},"content":{"rendered":"<h1 align=\"left\"><span style=\"color: #00ccff;\">El <strong>Orden Sacerdotal<\/strong> es un sacramento que, por la imposici\u00f3n de las manos del Obispo, y sus palabras, hace sacerdotes a los hombres bautizados, y les da poder para perdonar los pecados y convertir el pan y el vino en el Cuerpo y en la Sangre de Nuestro Se\u00f1or Jesucristo.<\/span><\/h1>\n<p><span style=\"color: #00ccff;\"><img loading=\"lazy\" decoding=\"async\" class=\" aligncenter\" src=\"http:\/\/www.corazones.org\/sacramentos\/orden_sac\/z_orden.jpg\" alt=\"\" width=\"291\" height=\"350\" \/><\/span><\/p>\n<p><span style=\"color: #00ccff;\"><!--more--><\/span><\/p>\n<h2 align=\"left\"><span style=\"color: #00ccff;\">El sacramento del orden lo reciben aquellos que se sienten llamados por Dios a ser sacerdotes para dedicarse a la salvaci\u00f3n eterna de sus hermanos los hombres. Esta ocupaci\u00f3n es la m\u00e1s grande de la Tierra, pues los frutos de sus trabajos no acaban en este mundo, sino que son eternos. La vocaci\u00f3n al sacerdocio lleva consigo el celibato, recomendado por el Se\u00f1or. La obligaci\u00f3n del celibato no es por exigencia de la naturaleza del sacerdocio, sino por ley eclesi\u00e1stica.\u00a0La Iglesia quiere que los candidatos al sacerdocio abracen libremente el celibato por amor de Dios y servicio de los hombres.\u00a0La Iglesia quiere a sus sacerdotes c\u00e9libes para que puedan dedicarse completamente al bien de las almas, sin las limitaciones, en tiempo y preocupaciones, que supone sacar adelante una familia.\u00a0El sacerdote debe estar libre para dedicarse, cien por cien, al cuidado de las almas.<\/span><\/h2>\n<h2 align=\"left\"><span style=\"color: #00ccff;\">Hay que pedirle a Dios que haya muchas vocaciones sacerdotales y religiosas, pues hacen falta muchos p\u00e1rrocos, muchos misioneros, predicadores, confesores, maestros, etc., y tambi\u00e9n muchas Hermanitas de los Pobres, de la Caridad, en los hospitales, en los asilos, religiosas en las escuelas, colegios etc.; y otras en los conventos de clausura que alaben a Dios y pidan por los pecadores.\u00a0Por eso es un gran apostolado ayudar econ\u00f3micamente a la formaci\u00f3n de futuros ap\u00f3stoles, y a los conventos de clausura.\u00a0Todos debemos pedir a Dios que sean muchos los j\u00f3venes que sigan la voz de Dios, pues hacen falta muchos y buenos sacerdotes y religiosos.La vocaci\u00f3n no consiste en recibir una llamada telef\u00f3nica de Dios. Si un muchacho tiene buena salud (no es necesario ser un superman), es capaz de hacer estudios (no es necesario ser un genio), puede vivir habitualmente en gracia, con la ayuda de Dios (no hace falta ser ya un santo), tiene buena intenci\u00f3n (no se trata de buscar el modo de ganarse la vida) es decir, busca su propia perfecci\u00f3n y la salvaci\u00f3n de las almas, debe preguntarse si Dios le llama al sacerdocio.\u00a0No se trata de preguntar<em> \u201c\u00bfme gustar\u00eda ser sacerdote?\u201d<\/em> sino, <em>\u201c\u00bfme querr\u00e1 Dios sacerdote?\u201d<\/em><\/span><\/h2>\n","protected":false},"excerpt":{"rendered":"<p>El Orden Sacerdotal es un sacramento que, por la imposici\u00f3n de las manos del Obispo, y sus palabras, hace sacerdotes a los hombres bautizados, y les da poder para perdonar los pecados y convertir el pan y el vino en el Cuerpo y en la Sangre de Nuestro Se\u00f1or Jesucristo.<\/p><p><a class=\"more-link btn\" href=\"https:\/\/sansebastiancarabanchel.archimadrid.es\/?page_id=74\">Seguir leyendo<\/a><\/p>\n","protected":false},"author":4,"featured_media":0,"parent":26,"menu_order":7,"comment_status":"closed","ping_status":"closed","template":"","meta":{"footnotes":""},"_links":{"self":[{"href":"https:\/\/sansebastiancarabanchel.archimadrid.es\/index.php?rest_route=\/wp\/v2\/pages\/74"}],"collection":[{"href":"https:\/\/sansebastiancarabanchel.archimadrid.es\/index.php?rest_route=\/wp\/v2\/pages"}],"about":[{"href":"https:\/\/sansebastiancarabanchel.archimadrid.es\/index.php?rest_route=\/wp\/v2\/types\/page"}],"author":[{"embeddable":true,"href":"https:\/\/sansebastiancarabanchel.archimadrid.es\/index.php?rest_route=\/wp\/v2\/users\/4"}],"replies":[{"embeddable":true,"href":"https:\/\/sansebastiancarabanchel.archimadrid.es\/index.php?rest_route=%2Fwp%2Fv2%2Fcomments&post=74"}],"version-history":[{"count":3,"href":"https:\/\/sansebastiancarabanchel.archimadrid.es\/index.php?rest_route=\/wp\/v2\/pages\/74\/revisions"}],"predecessor-version":[{"id":115,"href":"https:\/\/sansebastiancarabanchel.archimadrid.es\/index.php?rest_route=\/wp\/v2\/pages\/74\/revisions\/115"}],"up":[{"embeddable":true,"href":"https:\/\/sansebastiancarabanchel.archimadrid.es\/index.php?rest_route=\/wp\/v2\/pages\/26"}],"wp:attachment":[{"href":"https:\/\/sansebastiancarabanchel.archimadrid.es\/index.php?rest_route=%2Fwp%2Fv2%2Fmedia&parent=74"}],"curies":[{"name":"wp","href":"https:\/\/api.w.org\/{rel}","templated":true}]}}